{"id":11760,"date":"2021-02-16T21:59:41","date_gmt":"2021-02-16T21:59:41","guid":{"rendered":"http:\/\/pascal-brocheton-photographie.local\/?page_id=11760"},"modified":"2025-11-28T18:25:20","modified_gmt":"2025-11-28T18:25:20","slug":"accueil","status":"publish","type":"page","link":"https:\/\/www.cardinal-creation.com\/pascalbrocheton\/","title":{"rendered":"Accueil"},"content":{"rendered":"\t\t<div data-elementor-type=\"wp-page\" data-elementor-id=\"11760\" class=\"elementor elementor-11760\" data-elementor-post-type=\"page\">\n\t\t\t\t<div class=\"elementor-element elementor-element-ca00ef9 e-con-full home-container e-flex e-con e-parent\" data-id=\"ca00ef9\" data-element_type=\"container\" data-e-type=\"container\">\n\t\t\t\t<div class=\"elementor-element elementor-element-6bf4f15 hide elementor-widget elementor-widget-heading\" data-id=\"6bf4f15\" data-element_type=\"widget\" data-e-type=\"widget\" data-widget_type=\"heading.default\">\n\t\t\t\t\t<h1 class=\"elementor-heading-title elementor-size-default\">Pascal Brocheton - Photographe Mariage &amp; Corporate<\/h1>\t\t\t\t<\/div>\n\t\t<a class=\"elementor-element elementor-element-904d220 zoom-in home-card e-transform e-flex e-con-boxed elementor-invisible e-con e-child\" data-id=\"904d220\" data-element_type=\"container\" data-e-type=\"container\" data-settings=\"{&quot;animation&quot;:&quot;fadeIn&quot;,&quot;animation_delay&quot;:200,&quot;_transform_scale_effect&quot;:{&quot;unit&quot;:&quot;px&quot;,&quot;size&quot;:&quot;&quot;,&quot;sizes&quot;:[]},&quot;_transform_scale_effect_tablet&quot;:{&quot;unit&quot;:&quot;px&quot;,&quot;size&quot;:&quot;&quot;,&quot;sizes&quot;:[]},&quot;_transform_scale_effect_mobile&quot;:{&quot;unit&quot;:&quot;px&quot;,&quot;size&quot;:&quot;&quot;,&quot;sizes&quot;:[]}}\" href=\"\/pascalbrocheton\/photographe-mariage\/\">\n\t\t\t\t\t<div class=\"e-con-inner\">\n\t\t\t\t<div class=\"elementor-element elementor-element-aa05a24 elementor-widget elementor-widget-heading\" data-id=\"aa05a24\" data-element_type=\"widget\" data-e-type=\"widget\" data-widget_type=\"heading.default\">\n\t\t\t\t\t<span class=\"elementor-heading-title elementor-size-default\">Complice de vos \u00e9motions<\/span>\t\t\t\t<\/div>\n\t\t\t\t<div class=\"elementor-element elementor-element-bba3f3c elementor-widget elementor-widget-heading\" data-id=\"bba3f3c\" data-element_type=\"widget\" data-e-type=\"widget\" data-widget_type=\"heading.default\">\n\t\t\t\t\t<h2 class=\"elementor-heading-title elementor-size-default\">Photos de Mariage<\/h2>\t\t\t\t<\/div>\n\t\t\t\t<div class=\"elementor-element elementor-element-fa775e3 elementor-widget elementor-widget-heading\" data-id=\"fa775e3\" data-element_type=\"widget\" data-e-type=\"widget\" data-widget_type=\"heading.default\">\n\t\t\t\t\t<div class=\"elementor-heading-title elementor-size-default\">D\u00c9COUVRIR MES REPORTAGES<\/div>\t\t\t\t<\/div>\n\t\t\t\t\t<\/div>\n\t\t\t\t<\/a>\n\t\t<a class=\"elementor-element elementor-element-5b1f2b4 e-con-full zoom-in home-card e-transform e-flex elementor-invisible e-con e-child\" data-id=\"5b1f2b4\" data-element_type=\"container\" data-e-type=\"container\" data-settings=\"{&quot;animation&quot;:&quot;fadeIn&quot;,&quot;animation_delay&quot;:400,&quot;_transform_scale_effect&quot;:{&quot;unit&quot;:&quot;px&quot;,&quot;size&quot;:&quot;&quot;,&quot;sizes&quot;:[]},&quot;_transform_scale_effect_tablet&quot;:{&quot;unit&quot;:&quot;px&quot;,&quot;size&quot;:&quot;&quot;,&quot;sizes&quot;:[]},&quot;_transform_scale_effect_mobile&quot;:{&quot;unit&quot;:&quot;px&quot;,&quot;size&quot;:&quot;&quot;,&quot;sizes&quot;:[]}}\" href=\"\/pascalbrocheton\/photographe-corporate\/\">\n\t\t\t\t<div class=\"elementor-element elementor-element-2f673aa elementor-widget elementor-widget-heading\" data-id=\"2f673aa\" data-element_type=\"widget\" data-e-type=\"widget\" data-widget_type=\"heading.default\">\n\t\t\t\t\t<span class=\"elementor-heading-title elementor-size-default\">Partenaire de votre identit\u00e9<\/span>\t\t\t\t<\/div>\n\t\t\t\t<div class=\"elementor-element elementor-element-9e4b17d elementor-widget elementor-widget-heading\" data-id=\"9e4b17d\" data-element_type=\"widget\" data-e-type=\"widget\" data-widget_type=\"heading.default\">\n\t\t\t\t\t<h2 class=\"elementor-heading-title elementor-size-default\">Photos Corporate<\/h2>\t\t\t\t<\/div>\n\t\t\t\t<div class=\"elementor-element elementor-element-6a0216e elementor-widget elementor-widget-heading\" data-id=\"6a0216e\" data-element_type=\"widget\" data-e-type=\"widget\" data-widget_type=\"heading.default\">\n\t\t\t\t\t<div class=\"elementor-heading-title elementor-size-default\">VOIR &amp; \u00c9COUTER L\u2019ENTREPRISE<\/div>\t\t\t\t<\/div>\n\t\t\t\t<\/a>\n\t\t\t\t<\/div>\n\t\t\t\t<\/div>\n\t\t","protected":false},"excerpt":{"rendered":"<p>Pascal Brocheton &#8211; Photographe Mariage &amp; Corporate Complice de vos \u00e9motions Photos de Mariage D\u00c9COUVRIR MES REPORTAGES Partenaire de votre identit\u00e9 Photos Corporate VOIR &amp; \u00c9COUTER L\u2019ENTREPRISE<\/p>\n","protected":false},"author":1,"featured_media":0,"parent":0,"menu_order":0,"comment_status":"closed","ping_status":"closed","template":"","meta":{"_acf_changed":false,"footnotes":""},"class_list":["post-11760","page","type-page","status-publish","hentry"],"acf":[],"yoast_head":"<!-- This site is optimized with the Yoast SEO plugin v27.5 - https:\/\/yoast.com\/product\/yoast-seo-wordpress\/ -->\n<title>Pascal Brocheton | Photographe Mariage &amp; Corporate<\/title>\n<meta name=\"description\" content=\"Pascal Brocheton, photographe professionnel \u00e0 Paris et dans toute la France. Sp\u00e9cialiste photo de mariage et corporate.\" \/>\n<meta name=\"robots\" content=\"noindex, follow, max-snippet:-1, max-video-preview:-1, noimageindex\" \/>\n<meta property=\"og:locale\" content=\"fr_FR\" \/>\n<meta property=\"og:type\" content=\"article\" \/>\n<meta property=\"og:title\" content=\"Pascal Brocheton | Photographe Mariage &amp; Corporate\" \/>\n<meta property=\"og:description\" content=\"Pascal Brocheton, photographe professionnel \u00e0 Paris et dans toute la France. Sp\u00e9cialiste photo de mariage et corporate.\" \/>\n<meta property=\"og:url\" content=\"https:\/\/www.cardinal-creation.com\/pascalbrocheton\/\" \/>\n<meta property=\"og:site_name\" content=\"Pascal Brocheton - Photographie\" \/>\n<meta property=\"article:modified_time\" content=\"2025-11-28T18:25:20+00:00\" \/>\n<meta name=\"twitter:card\" content=\"summary_large_image\" \/>\n<meta name=\"twitter:label1\" content=\"Dur\u00e9e de lecture estim\u00e9e\" \/>\n\t<meta name=\"twitter:data1\" content=\"1 minute\" \/>\n<script type=\"application\/ld+json\" class=\"yoast-schema-graph\">{\"@context\":\"https:\\\/\\\/schema.org\",\"@graph\":[{\"@type\":[\"WebPage\",\"CollectionPage\"],\"@id\":\"https:\\\/\\\/www.cardinal-creation.com\\\/pascalbrocheton\\\/\",\"url\":\"https:\\\/\\\/www.cardinal-creation.com\\\/pascalbrocheton\\\/\",\"name\":\"Pascal Brocheton | Photographe Mariage & Corporate\",\"isPartOf\":{\"@id\":\"https:\\\/\\\/www.cardinal-creation.com\\\/pascalbrocheton\\\/#website\"},\"datePublished\":\"2021-02-16T21:59:41+00:00\",\"dateModified\":\"2025-11-28T18:25:20+00:00\",\"description\":\"Pascal Brocheton, photographe professionnel \u00e0 Paris et dans toute la France. Sp\u00e9cialiste photo de mariage et corporate.\",\"breadcrumb\":{\"@id\":\"https:\\\/\\\/www.cardinal-creation.com\\\/pascalbrocheton\\\/#breadcrumb\"},\"inLanguage\":\"fr-FR\"},{\"@type\":\"BreadcrumbList\",\"@id\":\"https:\\\/\\\/www.cardinal-creation.com\\\/pascalbrocheton\\\/#breadcrumb\",\"itemListElement\":[{\"@type\":\"ListItem\",\"position\":1,\"name\":\"Blog\",\"item\":\"https:\\\/\\\/www.cardinal-creation.com\\\/pascalbrocheton\\\/chroniques-photographiques\\\/\"},{\"@type\":\"ListItem\",\"position\":2,\"name\":\"Accueil\"}]},{\"@type\":\"WebSite\",\"@id\":\"https:\\\/\\\/www.cardinal-creation.com\\\/pascalbrocheton\\\/#website\",\"url\":\"https:\\\/\\\/www.cardinal-creation.com\\\/pascalbrocheton\\\/\",\"name\":\"Pascal Brocheton - Photographie\",\"description\":\"Portrait - Corporate - Mariage - Moments de vie\",\"publisher\":{\"@id\":\"https:\\\/\\\/www.cardinal-creation.com\\\/pascalbrocheton\\\/#organization\"},\"potentialAction\":[{\"@type\":\"SearchAction\",\"target\":{\"@type\":\"EntryPoint\",\"urlTemplate\":\"https:\\\/\\\/www.cardinal-creation.com\\\/pascalbrocheton\\\/?s={search_term_string}\"},\"query-input\":{\"@type\":\"PropertyValueSpecification\",\"valueRequired\":true,\"valueName\":\"search_term_string\"}}],\"inLanguage\":\"fr-FR\"},{\"@type\":\"Organization\",\"@id\":\"https:\\\/\\\/www.cardinal-creation.com\\\/pascalbrocheton\\\/#organization\",\"name\":\"Pascal Brocheton Photographie\",\"url\":\"https:\\\/\\\/www.cardinal-creation.com\\\/pascalbrocheton\\\/\",\"logo\":{\"@type\":\"ImageObject\",\"inLanguage\":\"fr-FR\",\"@id\":\"https:\\\/\\\/www.cardinal-creation.com\\\/pascalbrocheton\\\/#\\\/schema\\\/logo\\\/image\\\/\",\"url\":\"https:\\\/\\\/www.cardinal-creation.com\\\/pascalbrocheton\\\/wp-content\\\/uploads\\\/2024\\\/03\\\/PB-Nom.png\",\"contentUrl\":\"https:\\\/\\\/www.cardinal-creation.com\\\/pascalbrocheton\\\/wp-content\\\/uploads\\\/2024\\\/03\\\/PB-Nom.png\",\"width\":2560,\"height\":815,\"caption\":\"Pascal Brocheton Photographie\"},\"image\":{\"@id\":\"https:\\\/\\\/www.cardinal-creation.com\\\/pascalbrocheton\\\/#\\\/schema\\\/logo\\\/image\\\/\"}}]}<\/script>\n<!-- \/ Yoast SEO plugin. -->","yoast_head_json":{"title":"Pascal Brocheton | Photographe Mariage & Corporate","description":"Pascal Brocheton, photographe professionnel \u00e0 Paris et dans toute la France. Sp\u00e9cialiste photo de mariage et corporate.","robots":{"index":"noindex","follow":"follow","max-snippet":"max-snippet:-1","max-video-preview":"max-video-preview:-1","imageindex":"noimageindex"},"og_locale":"fr_FR","og_type":"article","og_title":"Pascal Brocheton | Photographe Mariage & Corporate","og_description":"Pascal Brocheton, photographe professionnel \u00e0 Paris et dans toute la France. Sp\u00e9cialiste photo de mariage et corporate.","og_url":"https:\/\/www.cardinal-creation.com\/pascalbrocheton\/","og_site_name":"Pascal Brocheton - Photographie","article_modified_time":"2025-11-28T18:25:20+00:00","twitter_card":"summary_large_image","twitter_misc":{"Dur\u00e9e de lecture estim\u00e9e":"1 minute"},"schema":{"@context":"https:\/\/schema.org","@graph":[{"@type":["WebPage","CollectionPage"],"@id":"https:\/\/www.cardinal-creation.com\/pascalbrocheton\/","url":"https:\/\/www.cardinal-creation.com\/pascalbrocheton\/","name":"Pascal Brocheton | Photographe Mariage & Corporate","isPartOf":{"@id":"https:\/\/www.cardinal-creation.com\/pascalbrocheton\/#website"},"datePublished":"2021-02-16T21:59:41+00:00","dateModified":"2025-11-28T18:25:20+00:00","description":"Pascal Brocheton, photographe professionnel \u00e0 Paris et dans toute la France. Sp\u00e9cialiste photo de mariage et corporate.","breadcrumb":{"@id":"https:\/\/www.cardinal-creation.com\/pascalbrocheton\/#breadcrumb"},"inLanguage":"fr-FR"},{"@type":"BreadcrumbList","@id":"https:\/\/www.cardinal-creation.com\/pascalbrocheton\/#breadcrumb","itemListElement":[{"@type":"ListItem","position":1,"name":"Blog","item":"https:\/\/www.cardinal-creation.com\/pascalbrocheton\/chroniques-photographiques\/"},{"@type":"ListItem","position":2,"name":"Accueil"}]},{"@type":"WebSite","@id":"https:\/\/www.cardinal-creation.com\/pascalbrocheton\/#website","url":"https:\/\/www.cardinal-creation.com\/pascalbrocheton\/","name":"Pascal Brocheton - Photographie","description":"Portrait - Corporate - Mariage - Moments de vie","publisher":{"@id":"https:\/\/www.cardinal-creation.com\/pascalbrocheton\/#organization"},"potentialAction":[{"@type":"SearchAction","target":{"@type":"EntryPoint","urlTemplate":"https:\/\/www.cardinal-creation.com\/pascalbrocheton\/?s={search_term_string}"},"query-input":{"@type":"PropertyValueSpecification","valueRequired":true,"valueName":"search_term_string"}}],"inLanguage":"fr-FR"},{"@type":"Organization","@id":"https:\/\/www.cardinal-creation.com\/pascalbrocheton\/#organization","name":"Pascal Brocheton Photographie","url":"https:\/\/www.cardinal-creation.com\/pascalbrocheton\/","logo":{"@type":"ImageObject","inLanguage":"fr-FR","@id":"https:\/\/www.cardinal-creation.com\/pascalbrocheton\/#\/schema\/logo\/image\/","url":"https:\/\/www.cardinal-creation.com\/pascalbrocheton\/wp-content\/uploads\/2024\/03\/PB-Nom.png","contentUrl":"https:\/\/www.cardinal-creation.com\/pascalbrocheton\/wp-content\/uploads\/2024\/03\/PB-Nom.png","width":2560,"height":815,"caption":"Pascal Brocheton Photographie"},"image":{"@id":"https:\/\/www.cardinal-creation.com\/pascalbrocheton\/#\/schema\/logo\/image\/"}}]}},"_links":{"self":[{"href":"https:\/\/www.cardinal-creation.com\/pascalbrocheton\/wp-json\/wp\/v2\/pages\/11760","targetHints":{"allow":["GET"]}}],"collection":[{"href":"https:\/\/www.cardinal-creation.com\/pascalbrocheton\/wp-json\/wp\/v2\/pages"}],"about":[{"href":"https:\/\/www.cardinal-creation.com\/pascalbrocheton\/wp-json\/wp\/v2\/types\/page"}],"author":[{"embeddable":true,"href":"https:\/\/www.cardinal-creation.com\/pascalbrocheton\/wp-json\/wp\/v2\/users\/1"}],"replies":[{"embeddable":true,"href":"https:\/\/www.cardinal-creation.com\/pascalbrocheton\/wp-json\/wp\/v2\/comments?post=11760"}],"version-history":[{"count":235,"href":"https:\/\/www.cardinal-creation.com\/pascalbrocheton\/wp-json\/wp\/v2\/pages\/11760\/revisions"}],"predecessor-version":[{"id":17102,"href":"https:\/\/www.cardinal-creation.com\/pascalbrocheton\/wp-json\/wp\/v2\/pages\/11760\/revisions\/17102"}],"wp:attachment":[{"href":"https:\/\/www.cardinal-creation.com\/pascalbrocheton\/wp-json\/wp\/v2\/media?parent=11760"}],"curies":[{"name":"wp","href":"https:\/\/api.w.org\/{rel}","templated":true}]}}