{"id":15065,"date":"2025-11-12T17:42:46","date_gmt":"2025-11-12T17:42:46","guid":{"rendered":"https:\/\/www.cardinal-creation.com\/pascalbrocheton\/?page_id=15065"},"modified":"2025-11-28T17:49:23","modified_gmt":"2025-11-28T17:49:23","slug":"a-propos","status":"publish","type":"page","link":"https:\/\/www.cardinal-creation.com\/pascalbrocheton\/a-propos\/","title":{"rendered":"\u00c0 propos"},"content":{"rendered":"\t\t<div data-elementor-type=\"wp-page\" data-elementor-id=\"15065\" class=\"elementor elementor-15065\" data-elementor-post-type=\"page\">\n\t\t\t\t<div class=\"elementor-element elementor-element-3e3f9bf container-medium e-flex e-con-boxed e-con e-parent\" data-id=\"3e3f9bf\" data-element_type=\"container\" data-e-type=\"container\">\n\t\t\t\t\t<div class=\"e-con-inner\">\n\t\t\t\t<div class=\"elementor-element elementor-element-cfc9611 balance elementor-widget-mobile__width-inherit elementor-widget__width-initial elementor-invisible elementor-widget elementor-widget-heading\" data-id=\"cfc9611\" data-element_type=\"widget\" data-e-type=\"widget\" data-settings=\"{&quot;_animation&quot;:&quot;fadeIn&quot;,&quot;_animation_delay&quot;:200}\" data-widget_type=\"heading.default\">\n\t\t\t\t\t<h1 class=\"elementor-heading-title elementor-size-default\">Pascal Brocheton, le photographe \n<span>derri\u00e8re l'objectif<\/span><\/h1>\t\t\t\t<\/div>\n\t\t\t\t<div class=\"elementor-element elementor-element-c4dbb90 elementor-widget__width-initial elementor-widget-mobile__width-inherit elementor-widget elementor-widget-image\" data-id=\"c4dbb90\" data-element_type=\"widget\" data-e-type=\"widget\" data-widget_type=\"image.default\">\n\t\t\t\t\t\t\t\t\t\t\t\t\t\t\t<img fetchpriority=\"high\" decoding=\"async\" width=\"456\" height=\"684\" src=\"https:\/\/www.cardinal-creation.com\/pascalbrocheton\/wp-content\/uploads\/2025\/11\/Pascal-Brocheton-Photographe.jpg\" class=\"attachment-large size-large wp-image-15067\" alt=\"\" srcset=\"https:\/\/www.cardinal-creation.com\/pascalbrocheton\/wp-content\/uploads\/2025\/11\/Pascal-Brocheton-Photographe.jpg 456w, https:\/\/www.cardinal-creation.com\/pascalbrocheton\/wp-content\/uploads\/2025\/11\/Pascal-Brocheton-Photographe-200x300.jpg 200w\" sizes=\"(max-width: 456px) 100vw, 456px\" \/>\t\t\t\t\t\t\t\t\t\t\t\t\t\t\t<\/div>\n\t\t<div class=\"elementor-element elementor-element-9e5e487 e-con-full e-flex e-con e-child\" data-id=\"9e5e487\" data-element_type=\"container\" data-e-type=\"container\">\n\t\t\t\t<div class=\"elementor-element elementor-element-dcd438c elementor-widget elementor-widget-heading\" data-id=\"dcd438c\" data-element_type=\"widget\" data-e-type=\"widget\" data-widget_type=\"heading.default\">\n\t\t\t\t\t<h2 class=\"elementor-heading-title elementor-size-default\">Qui suis-je ?<\/h2>\t\t\t\t<\/div>\n\t\t\t\t<div class=\"elementor-element elementor-element-b679454 elementor-widget__width-initial elementor-widget elementor-widget-text-editor\" data-id=\"b679454\" data-element_type=\"widget\" data-e-type=\"widget\" data-widget_type=\"text-editor.default\">\n\t\t\t\t\t\t\t\t\t<p>Je suis Pascal Brocheton, photographe passionn\u00e9 depuis toujours par la capacit\u00e9 de l&rsquo;image \u00e0 raconter, \u00e0 r\u00e9v\u00e9ler et \u00e0 cr\u00e9er du lien.<\/p><p>Ma pratique photographique : observer, comprendre, r\u00e9v\u00e9ler. Elle s\u2019inscrit dans une volont\u00e9 constante de capter l\u2019instant juste, celui qui raconte, qui relie et qui \u00e9claire autrement. Nourrie de mon exp\u00e9rience de consultant en management, elle repose sur l\u2019\u00e9coute, l&rsquo;attention port\u00e9e \u00e0 chaque personne et la capacit\u00e9 \u00e0 faire \u00e9merger le sens d\u2019un contexte. Ces qualit\u00e9s trouvent un \u00e9cho naturel dans ma mani\u00e8re de photographier.<\/p><p>Loin d\u2019une d\u00e9marche fig\u00e9e ou purement technique, je con\u00e7ois chaque s\u00e9ance photo comme une rencontre : cr\u00e9er un climat de confiance, comprendre l\u2019intention, capter l\u2019\u00e9nergie d\u2019un lieu ou d\u2019un regard. Je cherche \u00e0 produire des images vivantes, authentiques, qui parlent de vous, de votre univers, de votre histoire ou de votre engagement.<\/p><p>Photographier, c\u2019est mettre en lumi\u00e8re un geste, une pr\u00e9sence, une atmosph\u00e8re. C\u2019est\u00a0 offrir des images qui r\u00e9sonnent et participent \u00e0 une m\u00e9moire collective ou \u00e0 une identit\u00e9 professionnelle affirm\u00e9e.<\/p>\t\t\t\t\t\t\t\t<\/div>\n\t\t\t\t<\/div>\n\t\t\t\t\t<\/div>\n\t\t\t\t<\/div>\n\t\t<div class=\"elementor-element elementor-element-68ef6c1 container-large e-flex e-con-boxed e-con e-parent\" data-id=\"68ef6c1\" data-element_type=\"container\" data-e-type=\"container\">\n\t\t\t\t\t<div class=\"e-con-inner\">\n\t\t\t\t<div class=\"elementor-element elementor-element-b03518d balance elementor-widget__width-inherit elementor-invisible elementor-widget elementor-widget-heading\" data-id=\"b03518d\" data-element_type=\"widget\" data-e-type=\"widget\" data-settings=\"{&quot;_animation&quot;:&quot;fadeIn&quot;,&quot;_animation_delay&quot;:200}\" data-widget_type=\"heading.default\">\n\t\t\t\t\t<h2 class=\"elementor-heading-title elementor-size-default\">Offrez-vous des images <span>qui vous ressemblent vraiment.<\/span> \u00c9changeons sur votre projet.<\/h2>\t\t\t\t<\/div>\n\t\t\t\t<div class=\"elementor-element elementor-element-5ae61d0 elementor-invisible elementor-widget elementor-widget-button\" data-id=\"5ae61d0\" data-element_type=\"widget\" data-e-type=\"widget\" data-settings=\"{&quot;_animation&quot;:&quot;fadeIn&quot;,&quot;_animation_delay&quot;:40}\" data-widget_type=\"button.default\">\n\t\t\t\t\t\t\t\t\t\t<a class=\"elementor-button elementor-button-link elementor-size-sm\" href=\"https:\/\/www.cardinal-creation.com\/pascalbrocheton\/contact\/\">\n\t\t\t\t\t\t<span class=\"elementor-button-content-wrapper\">\n\t\t\t\t\t\t\t\t\t<span class=\"elementor-button-text\">ME CONTACTER<\/span>\n\t\t\t\t\t<\/span>\n\t\t\t\t\t<\/a>\n\t\t\t\t\t\t\t\t<\/div>\n\t\t\t\t\t<\/div>\n\t\t\t\t<\/div>\n\t\t\t\t<\/div>\n\t\t","protected":false},"excerpt":{"rendered":"<p>Pascal Brocheton, le photographe derri\u00e8re l&rsquo;objectif Qui suis-je ? Je suis Pascal Brocheton, photographe passionn\u00e9 depuis toujours par la capacit\u00e9 de l&rsquo;image \u00e0 raconter, \u00e0 r\u00e9v\u00e9ler et \u00e0 cr\u00e9er du lien. Ma pratique photographique : observer, comprendre, r\u00e9v\u00e9ler. Elle s\u2019inscrit dans une volont\u00e9 constante de capter l\u2019instant juste, celui qui raconte, qui relie et qui [&hellip;]<\/p>\n","protected":false},"author":3,"featured_media":0,"parent":0,"menu_order":0,"comment_status":"closed","ping_status":"closed","template":"","meta":{"_acf_changed":false,"footnotes":""},"class_list":["post-15065","page","type-page","status-publish","hentry"],"acf":[],"yoast_head":"<!-- This site is optimized with the Yoast SEO plugin v27.5 - https:\/\/yoast.com\/product\/yoast-seo-wordpress\/ -->\n<title>\u00c0 propos | Pascal Brocheton photographe<\/title>\n<meta name=\"description\" content=\"Pascal Brocheton, photographe professionnel \u00e0 Paris. D\u00e9couvrez mon parcours, ma vision de la photographie et mon approche authentique.\" \/>\n<meta name=\"robots\" content=\"noindex, follow, max-snippet:-1, max-video-preview:-1, noimageindex\" \/>\n<meta property=\"og:locale\" content=\"fr_FR\" \/>\n<meta property=\"og:type\" content=\"article\" \/>\n<meta property=\"og:title\" content=\"\u00c0 propos | Pascal Brocheton photographe\" \/>\n<meta property=\"og:description\" content=\"Pascal Brocheton, photographe professionnel \u00e0 Paris. D\u00e9couvrez mon parcours, ma vision de la photographie et mon approche authentique.\" \/>\n<meta property=\"og:url\" content=\"https:\/\/www.cardinal-creation.com\/pascalbrocheton\/a-propos\/\" \/>\n<meta property=\"og:site_name\" content=\"Pascal Brocheton - Photographie\" \/>\n<meta property=\"article:modified_time\" content=\"2025-11-28T17:49:23+00:00\" \/>\n<meta property=\"og:image\" content=\"https:\/\/www.cardinal-creation.com\/pascalbrocheton\/wp-content\/uploads\/2025\/11\/Pascal-Brocheton-Photographe.jpg\" \/>\n\t<meta property=\"og:image:width\" content=\"456\" \/>\n\t<meta property=\"og:image:height\" content=\"684\" \/>\n\t<meta property=\"og:image:type\" content=\"image\/jpeg\" \/>\n<meta name=\"twitter:card\" content=\"summary_large_image\" \/>\n<meta name=\"twitter:label1\" content=\"Dur\u00e9e de lecture estim\u00e9e\" \/>\n\t<meta name=\"twitter:data1\" content=\"1 minute\" \/>\n<script type=\"application\/ld+json\" class=\"yoast-schema-graph\">{\"@context\":\"https:\\\/\\\/schema.org\",\"@graph\":[{\"@type\":[\"WebPage\",\"AboutPage\"],\"@id\":\"https:\\\/\\\/www.cardinal-creation.com\\\/pascalbrocheton\\\/a-propos\\\/\",\"url\":\"https:\\\/\\\/www.cardinal-creation.com\\\/pascalbrocheton\\\/a-propos\\\/\",\"name\":\"\u00c0 propos | Pascal Brocheton photographe\",\"isPartOf\":{\"@id\":\"https:\\\/\\\/www.cardinal-creation.com\\\/pascalbrocheton\\\/#website\"},\"primaryImageOfPage\":{\"@id\":\"https:\\\/\\\/www.cardinal-creation.com\\\/pascalbrocheton\\\/a-propos\\\/#primaryimage\"},\"image\":{\"@id\":\"https:\\\/\\\/www.cardinal-creation.com\\\/pascalbrocheton\\\/a-propos\\\/#primaryimage\"},\"thumbnailUrl\":\"https:\\\/\\\/www.cardinal-creation.com\\\/pascalbrocheton\\\/wp-content\\\/uploads\\\/2025\\\/11\\\/Pascal-Brocheton-Photographe.jpg\",\"datePublished\":\"2025-11-12T17:42:46+00:00\",\"dateModified\":\"2025-11-28T17:49:23+00:00\",\"description\":\"Pascal Brocheton, photographe professionnel \u00e0 Paris. D\u00e9couvrez mon parcours, ma vision de la photographie et mon approche authentique.\",\"breadcrumb\":{\"@id\":\"https:\\\/\\\/www.cardinal-creation.com\\\/pascalbrocheton\\\/a-propos\\\/#breadcrumb\"},\"inLanguage\":\"fr-FR\",\"potentialAction\":[{\"@type\":\"ReadAction\",\"target\":[\"https:\\\/\\\/www.cardinal-creation.com\\\/pascalbrocheton\\\/a-propos\\\/\"]}]},{\"@type\":\"ImageObject\",\"inLanguage\":\"fr-FR\",\"@id\":\"https:\\\/\\\/www.cardinal-creation.com\\\/pascalbrocheton\\\/a-propos\\\/#primaryimage\",\"url\":\"https:\\\/\\\/www.cardinal-creation.com\\\/pascalbrocheton\\\/wp-content\\\/uploads\\\/2025\\\/11\\\/Pascal-Brocheton-Photographe.jpg\",\"contentUrl\":\"https:\\\/\\\/www.cardinal-creation.com\\\/pascalbrocheton\\\/wp-content\\\/uploads\\\/2025\\\/11\\\/Pascal-Brocheton-Photographe.jpg\",\"width\":456,\"height\":684},{\"@type\":\"BreadcrumbList\",\"@id\":\"https:\\\/\\\/www.cardinal-creation.com\\\/pascalbrocheton\\\/a-propos\\\/#breadcrumb\",\"itemListElement\":[{\"@type\":\"ListItem\",\"position\":1,\"name\":\"Blog\",\"item\":\"https:\\\/\\\/www.cardinal-creation.com\\\/pascalbrocheton\\\/chroniques-photographiques\\\/\"},{\"@type\":\"ListItem\",\"position\":2,\"name\":\"\u00c0 propos\"}]},{\"@type\":\"WebSite\",\"@id\":\"https:\\\/\\\/www.cardinal-creation.com\\\/pascalbrocheton\\\/#website\",\"url\":\"https:\\\/\\\/www.cardinal-creation.com\\\/pascalbrocheton\\\/\",\"name\":\"Pascal Brocheton - Photographie\",\"description\":\"Portrait - Corporate - Mariage - Moments de vie\",\"publisher\":{\"@id\":\"https:\\\/\\\/www.cardinal-creation.com\\\/pascalbrocheton\\\/#organization\"},\"potentialAction\":[{\"@type\":\"SearchAction\",\"target\":{\"@type\":\"EntryPoint\",\"urlTemplate\":\"https:\\\/\\\/www.cardinal-creation.com\\\/pascalbrocheton\\\/?s={search_term_string}\"},\"query-input\":{\"@type\":\"PropertyValueSpecification\",\"valueRequired\":true,\"valueName\":\"search_term_string\"}}],\"inLanguage\":\"fr-FR\"},{\"@type\":\"Organization\",\"@id\":\"https:\\\/\\\/www.cardinal-creation.com\\\/pascalbrocheton\\\/#organization\",\"name\":\"Pascal Brocheton Photographie\",\"url\":\"https:\\\/\\\/www.cardinal-creation.com\\\/pascalbrocheton\\\/\",\"logo\":{\"@type\":\"ImageObject\",\"inLanguage\":\"fr-FR\",\"@id\":\"https:\\\/\\\/www.cardinal-creation.com\\\/pascalbrocheton\\\/#\\\/schema\\\/logo\\\/image\\\/\",\"url\":\"https:\\\/\\\/www.cardinal-creation.com\\\/pascalbrocheton\\\/wp-content\\\/uploads\\\/2024\\\/03\\\/PB-Nom.png\",\"contentUrl\":\"https:\\\/\\\/www.cardinal-creation.com\\\/pascalbrocheton\\\/wp-content\\\/uploads\\\/2024\\\/03\\\/PB-Nom.png\",\"width\":2560,\"height\":815,\"caption\":\"Pascal Brocheton Photographie\"},\"image\":{\"@id\":\"https:\\\/\\\/www.cardinal-creation.com\\\/pascalbrocheton\\\/#\\\/schema\\\/logo\\\/image\\\/\"}}]}<\/script>\n<!-- \/ Yoast SEO plugin. -->","yoast_head_json":{"title":"\u00c0 propos | Pascal Brocheton photographe","description":"Pascal Brocheton, photographe professionnel \u00e0 Paris. D\u00e9couvrez mon parcours, ma vision de la photographie et mon approche authentique.","robots":{"index":"noindex","follow":"follow","max-snippet":"max-snippet:-1","max-video-preview":"max-video-preview:-1","imageindex":"noimageindex"},"og_locale":"fr_FR","og_type":"article","og_title":"\u00c0 propos | Pascal Brocheton photographe","og_description":"Pascal Brocheton, photographe professionnel \u00e0 Paris. D\u00e9couvrez mon parcours, ma vision de la photographie et mon approche authentique.","og_url":"https:\/\/www.cardinal-creation.com\/pascalbrocheton\/a-propos\/","og_site_name":"Pascal Brocheton - Photographie","article_modified_time":"2025-11-28T17:49:23+00:00","og_image":[{"width":456,"height":684,"url":"https:\/\/www.cardinal-creation.com\/pascalbrocheton\/wp-content\/uploads\/2025\/11\/Pascal-Brocheton-Photographe.jpg","type":"image\/jpeg"}],"twitter_card":"summary_large_image","twitter_misc":{"Dur\u00e9e de lecture estim\u00e9e":"1 minute"},"schema":{"@context":"https:\/\/schema.org","@graph":[{"@type":["WebPage","AboutPage"],"@id":"https:\/\/www.cardinal-creation.com\/pascalbrocheton\/a-propos\/","url":"https:\/\/www.cardinal-creation.com\/pascalbrocheton\/a-propos\/","name":"\u00c0 propos | Pascal Brocheton photographe","isPartOf":{"@id":"https:\/\/www.cardinal-creation.com\/pascalbrocheton\/#website"},"primaryImageOfPage":{"@id":"https:\/\/www.cardinal-creation.com\/pascalbrocheton\/a-propos\/#primaryimage"},"image":{"@id":"https:\/\/www.cardinal-creation.com\/pascalbrocheton\/a-propos\/#primaryimage"},"thumbnailUrl":"https:\/\/www.cardinal-creation.com\/pascalbrocheton\/wp-content\/uploads\/2025\/11\/Pascal-Brocheton-Photographe.jpg","datePublished":"2025-11-12T17:42:46+00:00","dateModified":"2025-11-28T17:49:23+00:00","description":"Pascal Brocheton, photographe professionnel \u00e0 Paris. D\u00e9couvrez mon parcours, ma vision de la photographie et mon approche authentique.","breadcrumb":{"@id":"https:\/\/www.cardinal-creation.com\/pascalbrocheton\/a-propos\/#breadcrumb"},"inLanguage":"fr-FR","potentialAction":[{"@type":"ReadAction","target":["https:\/\/www.cardinal-creation.com\/pascalbrocheton\/a-propos\/"]}]},{"@type":"ImageObject","inLanguage":"fr-FR","@id":"https:\/\/www.cardinal-creation.com\/pascalbrocheton\/a-propos\/#primaryimage","url":"https:\/\/www.cardinal-creation.com\/pascalbrocheton\/wp-content\/uploads\/2025\/11\/Pascal-Brocheton-Photographe.jpg","contentUrl":"https:\/\/www.cardinal-creation.com\/pascalbrocheton\/wp-content\/uploads\/2025\/11\/Pascal-Brocheton-Photographe.jpg","width":456,"height":684},{"@type":"BreadcrumbList","@id":"https:\/\/www.cardinal-creation.com\/pascalbrocheton\/a-propos\/#breadcrumb","itemListElement":[{"@type":"ListItem","position":1,"name":"Blog","item":"https:\/\/www.cardinal-creation.com\/pascalbrocheton\/chroniques-photographiques\/"},{"@type":"ListItem","position":2,"name":"\u00c0 propos"}]},{"@type":"WebSite","@id":"https:\/\/www.cardinal-creation.com\/pascalbrocheton\/#website","url":"https:\/\/www.cardinal-creation.com\/pascalbrocheton\/","name":"Pascal Brocheton - Photographie","description":"Portrait - Corporate - Mariage - Moments de vie","publisher":{"@id":"https:\/\/www.cardinal-creation.com\/pascalbrocheton\/#organization"},"potentialAction":[{"@type":"SearchAction","target":{"@type":"EntryPoint","urlTemplate":"https:\/\/www.cardinal-creation.com\/pascalbrocheton\/?s={search_term_string}"},"query-input":{"@type":"PropertyValueSpecification","valueRequired":true,"valueName":"search_term_string"}}],"inLanguage":"fr-FR"},{"@type":"Organization","@id":"https:\/\/www.cardinal-creation.com\/pascalbrocheton\/#organization","name":"Pascal Brocheton Photographie","url":"https:\/\/www.cardinal-creation.com\/pascalbrocheton\/","logo":{"@type":"ImageObject","inLanguage":"fr-FR","@id":"https:\/\/www.cardinal-creation.com\/pascalbrocheton\/#\/schema\/logo\/image\/","url":"https:\/\/www.cardinal-creation.com\/pascalbrocheton\/wp-content\/uploads\/2024\/03\/PB-Nom.png","contentUrl":"https:\/\/www.cardinal-creation.com\/pascalbrocheton\/wp-content\/uploads\/2024\/03\/PB-Nom.png","width":2560,"height":815,"caption":"Pascal Brocheton Photographie"},"image":{"@id":"https:\/\/www.cardinal-creation.com\/pascalbrocheton\/#\/schema\/logo\/image\/"}}]}},"_links":{"self":[{"href":"https:\/\/www.cardinal-creation.com\/pascalbrocheton\/wp-json\/wp\/v2\/pages\/15065","targetHints":{"allow":["GET"]}}],"collection":[{"href":"https:\/\/www.cardinal-creation.com\/pascalbrocheton\/wp-json\/wp\/v2\/pages"}],"about":[{"href":"https:\/\/www.cardinal-creation.com\/pascalbrocheton\/wp-json\/wp\/v2\/types\/page"}],"author":[{"embeddable":true,"href":"https:\/\/www.cardinal-creation.com\/pascalbrocheton\/wp-json\/wp\/v2\/users\/3"}],"replies":[{"embeddable":true,"href":"https:\/\/www.cardinal-creation.com\/pascalbrocheton\/wp-json\/wp\/v2\/comments?post=15065"}],"version-history":[{"count":29,"href":"https:\/\/www.cardinal-creation.com\/pascalbrocheton\/wp-json\/wp\/v2\/pages\/15065\/revisions"}],"predecessor-version":[{"id":17088,"href":"https:\/\/www.cardinal-creation.com\/pascalbrocheton\/wp-json\/wp\/v2\/pages\/15065\/revisions\/17088"}],"wp:attachment":[{"href":"https:\/\/www.cardinal-creation.com\/pascalbrocheton\/wp-json\/wp\/v2\/media?parent=15065"}],"curies":[{"name":"wp","href":"https:\/\/api.w.org\/{rel}","templated":true}]}}